, 0 = 5*j - 4*p - 140. What is the remainder when j is divided by 9?
5
Let y = 33 + -71. What is the remainder when 54 is divided by (2/(-4))/(1/y)?
16
Let s(d) = -d**3 - 14*d**2 - 20*d - 18. What is the remainder when s(-13) is divided by 19?
16
Suppose -a + 133 = 3*p, -2*p - a + 80 = 4*a. What is the remainder when p is divided by 13?
6
Suppose -4*q + 15 = -q. Let x = -21 + 29. Calculate the remainder when x is divided by q.
3
Let v(g) = g**3 - 4*g**2 - 3*g - 2. Let m be v(5). What is the remainder when (m/(-10))/(3/(-45)) is divided by 5?
2
Let p = -2 + 4. Let n(c) = 16*c + 2. Let j(f) = -f**3 - 13*f**2 - 15*f - 18. Calculate the remainder when n(p) is divided by j(-12).
16
Let s be (-15)/(-25) - (-64)/10. Let k(d) = -7 + s + 16*d + 1. What is the remainder when k(1) is divided by 9?
8
Let s be (-1 + (-2)/2)*-4. Suppose 0 = -2*n + 34 - s. Suppose 2*z = -4*k - 6, -3*z + 2*k + 11 = -12. Calculate the remainder when n is divided by z.
3
Suppose -2*v - v + 15 = 0. Suppose -2*o + 3*c - 1 = 8, -v*c = 5*o + 35. Let f(h) = h**2 + 5*h - 1. What is the remainder when f(o) is divided by 3?
2
Suppose 4*f = -26 + 90. Let d(r) = -r**2 + 8*r - 6. What is the remainder when f is divided by d(5)?
7
Let x(y) = y**3 - 16*y**2 - 33*y - 31. Calculate the remainder when x(18) is divided by 10.
3
Suppose 0 = -f + 71 - 21. What is the remainder when f is divided by 9?
5
Let c = -4 - 1. Let b be (108/1)/(c/10). What is the remainder when 59 is divided by (-9)/21 + b/(-14)?
14
Let w = 0 + 64. What is the remainder when w is divided by 11?
9
Let v(i) = i**3 - 6*i**2 + 4*i + 6. Let a(p) = 11*p + 4*p - p**2 - 7*p - 2. Let l be a(7). What is the remainder when 1 is divided by v(l)?
0
Let m(i) = 2*i**2 + 3*i + 3. What is the remainder when m(-6) is divided by 15?
12
Suppose 4*y + 35 = -n, -3*n - 2*n = -y + 70. Let r = 21 + n. Calculate the remainder when 16 is divided by r.
4
What is the remainder when 15*3/(-27)*-15 is divided by 9?
7
Let y(o) = 7*o**2 - o - 1. Calculate the remainder when 16 is divided by y(-1).
2
What is the remainder when 24 is divided by (-1442)/(-210) + (-4)/(-30)?
3
Let l(m) = -m**2 - 9*m - 6. Let n = -30 + 25. Let z(q) = -2*q - 4. What is the remainder when l(n) is divided by z(-4)?
2
Suppose 2*o - 3*o = -103. Suppose -4*r - 3*j + o = 2*j, -r - j + 27 = 0. Calculate the remainder when r is divided by (-202)/(-18) - (-4)/(-18).
10
Suppose 0 = 3*n - 6*n + 693. What is the remainder when n is divided by 47?
43
Suppose -4*t + 109 = -83. What is the remainder when t is divided by 10?
8
Let q = 15 - 12. Calculate the remainder when 4 is divided by q.
1
Suppose -3*f - 37 = -a, 3*a + a = -3*f + 103. Let l = 19 - 33. Let z = l - -29. Calculate the remainder when a is divided by z.
13
Let r be 0 + 3/(3/(-17)). Calculate the remainder when (-2 - r)*(-20)/(-6) is divided by (-246)/(-15) - 12/(-20).
16
Calculate the remainder when (54/5)/((-6)/(-15)) is divided by 10.
7
What is the remainder when 47 is divided by ((-204)/85)/(1/(-10))?
23
What is the remainder when 0 - -44 - (-6 - -7) is divided by 16?
11
Let q = -6 + 28. What is the remainder when q is divided by 6?
4
Let p(h) = h + 7. Let a be p(-8). Let b(r) = 10*r**2 + 2*r + 1. What is the remainder when b(a) is divided by 5?
4
Let o(c) = c**3 + 14*c**2 + c - 19. Let h be o(-14). Let q = -24 - h. What is the remainder when q is divided by 3?
0
Suppose -18 + 48 = 2*h. What is the remainder when 44 is divided by h?
14
Suppose 4*r + 68 = 2*o, -10 = -0*r + 2*r. Suppose -3*w + 7*w - 40 = 2*i, 4*w + 3*i - 30 = 0. What is the remainder when o is divided by w?
6
Suppose 5*d - 28 = d. Let u(q) = -q**3 + 6*q**2 - 5*q + 3. Let l be u(5). What is the remainder when d is divided by 1*(-2)/(-2)*l?
1
Suppose -6*y + y + 145 = 0. What is the remainder when 86 is divided by y?
28
Suppose -q = -2*h + 29, -h + 60 = 2*h + 4*q. Let n = 6 + 41. What is the remainder when n is divided by h?
15
Suppose i + 3*p - 7 = 0, 5*p + 15 = -0. What is the remainder when 62 is divided by i?
14
Suppose 12 = 3*q - 6*q. Let k(g) = -7*g - 2. Let h(p) = -3*p - 4. What is the remainder when k(q) is divided by h(-6)?
12
What is the remainder when 48 is divided by 19/3 + (-16)/(-24)?
6
Let i = 86 - 25. Suppose -s = j - 23, 2*j - 64 + 16 = -3*s. What is the remainder when i is divided by j?
19
Suppose 2*g + 3*u - 26 - 26 = 0, -2*u = 2*g - 56. Suppose 6*n = n + 55. Calculate the remainder when g is divided by n.
10
Suppose -31 + 115 = 4*c - 4*p, -3*c - 2*p = -38. Suppose -2*n = -2*q - c, -3*n = -q - 3*q - 23. Calculate the remainder when 34 is divided by n.
7
Let m be (-2 - 38/(-6))*9. Calculate the remainder when 3 + m + (0 - 1) is divided by 21.
20
What is the remainder when (-342)/(-45) + -7 + (-187)/(-5) is divided by 21?
17
Suppose 0 = 4*q + 3*x - 125, 3*x = 6*q - 4*q - 67. Calculate the remainder when 127 is divided by q.
31
Suppose 3*x + 5*g - 37 = -2, 0 = -4*x + 5*g. Suppose 0 = x*o - 47 - 63. Calculate the remainder when o is divided by 8.
6
Let y = -28 - -44. Let d be -1 + (2 - -3) + -1. Suppose 3*k - 21 = -d. Calculate the remainder when y is divided by k.
4
Suppose -2*c + 27 = 3. Suppose 0*h - h = -c. What is the remainder when h is divided by 7?
5
Let a be 2 - (-3)/6*-6. Let i = 0 + a. Let q(n) = 30*n**2 - 1. Calculate the remainder when q(i) is divided by 15.
14
Let t(c) = c**2 + 4*c + 4. Suppose 4 = i - 1. What is the remainder when i is divided by t(-4)?
1
Suppose -r + 38 = 2*d, -4*r = 3*d - d - 140. Calculate the remainder when 134 is divided by r.
32
Let o(x) = 4*x + 12. Suppose -2*h = 2*h - 68. What is the remainder when o(9) is divided by h?
14
Let i(w) = -w**3 - 20*w**2 - 18*w + 28. What is the remainder when 34 is divided by i(-19)?
7
Suppose 4*x - 5*a = 164 + 30, 4*a - 8 = 0. What is the remainder when x is divided by 19?
13
Let y = 52 + -48. What is the remainder when 17 is divided by y?
1
Let j be (-2)/((-3 + 1)/46). Let a = j - 24. What is the remainder when 65 is divided by a?
21
What is the remainder when (-7)/(-21) + (-152)/(-3) is divided by 18?
15
Let p = 7 - 3. Calculate the remainder when 7 is divided by p.
3
Let y(k) be the third derivative of 19*k**4/12 - k**3/2 - 4*k**2. Calculate the remainder when y(2) is divided by 19.
16
Let i(t) = -5*t - 15. What is the remainder when i(-14) is divided by 28?
27
Suppose -63 = -5*z + 5*i + 112, z - 44 = 4*i. Calculate the remainder when z is divided by 9.
5
Let p be (-788)/(-20) - (-6)/(-15). Suppose 5*g - p = -9. What is the remainder when 8 is divided by g?
2
Let p be (-1)/((-6)/(-4) - 2). Let z(o) = 6*o**2 - 2*o. Let w(g) = -g**2 + 7*g - 3. Calculate the remainder when z(p) is divided by w(5).
6
Suppose 5*g - 5*p - 303 + 68 = 0, 3*p + 235 = 5*g. Calculate the remainder when g is divided by 10.
7
Suppose 0 = -0*z + 4*z - n - 21, -2*z + 3*n + 13 = 0. Suppose -196 = 3*q - z*q. What is the remainder when q is divided by 25?
23
Suppose 5 = -4*h - 11. Let m be (-13)/h + 3/(-12). Suppose -1 - m = -j. What is the remainder when j is divided by 3?
1
Let d(y) = y**2 - 6*y - 7. Let z(t) = 5*t - 10. What is the remainder when z(7) is divided by d(8)?
7
Let g(i) = 5*i - 3*i**2 - 6 + 6*i**2 - i**2. Suppose 2 = -2*c - 10. Calculate the remainder when g(c) is divided by 19.
17
Suppose -13*z = h - 12*z - 17, 2*h = 3*z + 24. Calculate the remainder when 86/4*(-2 + 4) is divided by h.
13
Let b = 441 + -300. What is the remainder when b is divided by 13?
11
Let t be 4 - 4/(-1 + 3). What is the remainder when 30 - 2/(t*-1) is divided by ((-11)/(-2))/(1/2)?
9
Suppose 2*p - 92 = -6. Let t = -31 + p. Suppose 5*s = -5*h + 135, 0 = h - 3*s - 11 + 4. What is the remainder when h is divided by t?
10
Let y be (-4 + 4)*2/2. Suppose 4*u + u - 3*t - 288 = y, -3*u - t = -170. Suppose 0 = r - 7 - 8. Calculate the remainder when u is divided by r.
12
What is the remainder when 1404/32 - (-4)/32 is divided by 12?
8
Suppose -4*f = -46 - 34. What is the remainder when f is divided by 9?
2
What is the remainder when 13 is divided by (-60)/(-20) + 1 + 3?
6
Suppose 6*v - 1806 = -8*v. What is the remainder when v is divided by 33?
30
Suppose 5*g + 238 = -2*g. Let b = 55 + g. Let n = 14 + 47. Calculate the remainder when n is divided by b.
19
Let r(o) = -13*o**3 - 1. Let w be r(-1). Let p = 7 + w. Suppose 2*v + 